lculate g(7).
7
Let j = 860 - 857. Let r(o) be the first derivative of -4/3*o**j - 24 + 3/2*o**2 - 1/4*o**4 - 5*o. Calculate r(-5).
5
Let c(g) = 4*g**3 + 30*g**2 + 40*g - 24. Let f(y) = 5*y**3 + 29*y**2 + 33*y - 25. Let q(i) = 4*c(i) - 3*f(i). What is q(-31)?
10
Let m(g) = -g**2 + g - 24. Let k = -17 + 56. Suppose -2*x = k*x. Calculate m(x).
-24
Suppose 88 = 4*z - v, 0*z + z = v + 25. Suppose -9 = -5*r + z. Let d(b) = -b + 8. Give d(r).
2
Let c(t) be the second derivative of -t**5/20 + 7*t**4/6 - 2*t**3 + 3*t**2 - 3*t + 151. Determine c(13).
19
Let b(x) = 8*x + 58. Suppose 4*f = -9*j + 6*j - 39, -3*f - 32 = 5*j. Determine b(f).
-14
Let m(z) be the second derivative of z**5/20 + 5*z**4/12 - z**3 - 4*z**2 - 1140*z. Let b(a) = 2*a - 38. Let n be b(16). What is m(n)?
-8
Let c(f) = -82 + 234 - 103 - f**2 + 10*f - 19*f. Calculate c(-14).
-21
Let a(j) = j**2 - 2. Let i = 8594 + -8586. Give a(i).
62
Let v(m) = 116*m + 10. Let n(c) = 27*c + 2. Let h(j) = 17*n(j) - 4*v(j). Calculate h(3).
-21
Let m(h) = -3*h. Let n(t) = -3*t + 1. Let f(x) = -5*m(x) + 4*n(x). Let w be -2*(80/60)/(2/3). Determine f(w).
-8
Suppose 3*g = -j + 13, -4*j - g + 15 + 4 = 0. Let f(y) = 6 - j*y**2 + 3 - 20 + 3*y**2 + 6*y - 1. Calculate f(6).
-12
Let t(w) = w**3 - 21*w**2 - 1002*w + 504*w - 39 + 478*w. Calculate t(22).
5
Let x(g) = 622*g - 72*g**2 - 576*g - 13 + 69*g**2. Determine x(15).
2
Let w(x) = -x**3 - 10*x**2 - 5*x - 9. Let d be w(-9). Let c be (5/(d/6))/(1/(-9069)). Let g(o) = c - 5*o - 6046. Give g(1).
-5
Let j(s) = 15*s**3 + 171*s - 6. Let w(r) = -7*r**3 - 68*r + 3. Let k(g) = 2*j(g) + 5*w(g). Give k(2).
-33
Let f(s) = -2*s**3 + 10*s**2 - 2*s - 2. Let i = -3494 - -3497. Calculate f(i).
28
Let p be 4 - ((-10)/16*-12 - 4). Let c(u) be the first derivative of 3 - p*u**2 - 3*u. Give c(3).
-6
Suppose -v - 6 = -4*v - 3*k, -5*k - 2 = v. Suppose 0 = -9*g - 39 + 57. Suppose a + g = -v. Let c(r) = -r**3 - 4*r**2 + 3*r - 1. Determine c(a).
9
Let p(h) = 39*h - 1. Suppose 8*l + 16*l - 16*l = 8. Calculate p(l).
38
Suppose -5*k - 65*q = -70*q + 125, -k + 4*q - 16 = 0. Let s(r) = r**3 + 27*r**2 - 27*r + 26. What is s(k)?
-2
Let h(f) = 4*f + 4. Let y be (-1)/(-2*(-2 - (-185)/90)). Suppose -y - 3 = 3*u. Determine h(u).
-12
Suppose 5 = 5*y - 5. Let i(d) = -3*d - 4 + y + 4*d - 5. Suppose -116 = -23*j + 35 - 13. What is i(j)?
-1
Suppose -3 = 5*m - 39 + 71. Let d(c) = 2*c**2 + 5*c - 9. Calculate d(m).
54
Let i = 7 + -4. Let n(a) = -a**i + 12 + 2*a**3 + 1. Suppose -o + 5*o = 11*o - 37*o - 40*o. Give n(o).
13
Suppose 6*x - 20 = 4*x. Let a(l) = -6*l**3 + 5*l**2 + 60*l - 2. Let j(k) = 7*k**3 - 4*k**2 - 72*k + 3. Let t(b) = -6*a(b) - 5*j(b). What is t(x)?
-3
Let o = 136 - 129. Let m(p) = 2 + 15*p + o - 2832*p**2 + 3 + 2833*p**2. Give m(-13).
-14
Let s(d) = -d**3 - 242*d**2 + 1487*d. Let a be s(6). Let p(w) = 5 - 5 + w. What is p(a)?
-6
Let s be (-3 - 2) + 2 + -6. Let p(i) = 10*i**2 - 1752*i + 9 + 3165*i + i**3 - 1405*i. Give p(s).
18
Let p(g) = -11*g - 3*g - 96*g**2 - 203*g**3 + 19*g + 202*g**3 + 92*g**2 + 5. Suppose -b + 6*b = 5*j + 5, -21 = 5*j - b. Give p(j).
5
Let u(c) be the second derivative of c**5/120 - 7*c**4/24 + 53*c**3/6 + 124*c. Let v(p) be the second derivative of u(p). Calculate v(6).
-1
Let d(q) = -26*q - 58. Let a be d(-3). Suppose 3*o = -2*o + a, -3 = -3*f + 3*o. Let u(z) = z**3 - 6*z**2 + 2*z + 2. Calculate u(f).
-13
Let x(p) be the third derivative of -33*p - 1/24*p**4 + 0 + 0*p**5 + 2*p**2 + 0*p**3 - 1/24*p**6. Give x(-1).
6
Let i(t) be the second derivative of -t**4/12 + 7*t**3/3 - 8*t**2 + 186*t. Determine i(11).
17
Suppose 4*g = 3*x + 23, 0 = 3*g - x - 11 - 5. Suppose g*k + 2*j + 2*j = -10, -4*j - 22 = -k. Let y(l) = 3*l - 3*l + 3 + 4*l**k + l**3 + 1 + l. Give y(-3).
10
Let q(p) = 9*p + 103. Let t = -9152 + 9141. Give q(t).
4
Suppose 0*h + 4*h + 23 = -3*m, m + 10 = h. Let p(d) = d**2 + 9*d. Let x be p(m). Let i(f) = -338*f**2 - 2 + 173*f**2 + f**3 + 166*f**2. Calculate i(x).
-2
Let n(a) = 3*a**2 + 52*a - 2 + 52*a - 105*a. Let y(k) = k - 4. Let f(b) = b + 11. Let t be f(-9). Let j be y(t). Calculate n(j).
12
Let f(a) = a**3 - 7*a**2 + 4*a - 4. Let n(s) = -s**3 + 9*s**2 - 5*s - 8. Let v be n(8). Suppose 5*c - 18 = 3*y + 15, 4*y + v = 2*c. Calculate f(c).
-16
Let f(o) = 4*o + 14. Let m(u) = 87*u + 519. Let a be m(-6). What is f(a)?
2
Let g(k) be the first derivative of 2*k**3/3 - 2*k**2 + 16*k + 4211. Calculate g(-7).
142
Let u(l) be the second derivative of -l**5/20 + 7*l**4/12 + 4*l**3/3 - 3*l**2/2 + 3*l. Suppose -8 = -2*d - 4*k - 0, -k - 34 = -4*d. What is u(d)?
-3
Let n be (-3)/9*(-12)/(-2). Let k be 10 - 1 - (n - -4 - 1). Let x(y) be the third derivative of y**4/24 - 2*y**3/3 + 27*y**2. Give x(k).
4
Let z(k) be the second derivative of k**3/2 - 7*k**2/2 + 2516*k. What is z(-1)?
-10
Let q(f) be the first derivative of -f**4/24 + 2*f**3 - 3*f**2/2 + 2*f + 18. Let b(o) be the second derivative of q(o). What is b(0)?
12
Let q(o) be the third derivative of -5*o**4/8 + 7*o**3/6 + 26*o**2. Determine q(2).
-23
Let x(w) = -5*w**3 + 3 + 274*w**2 + 183*w**2 - 453*w**2. Give x(3).
-96
Let g(l) = -l**2 - 17*l + 43. Let y(a) = -14*a**2 - 84*a + 2. Let c be y(-6). Determine g(c).
5
Let m(s) = -s + 19. Let t(r) = -3*r + 17. Let u(f) = 5*m(f) - 6*t(f). Let o(z) = 3*z - 1. Let g(n) = -6*o(n) + u(n). Give g(-2).
9
Let b be 15/(-6)*(84/20 - 3). Let x(p) = -1 + 64*p - 131*p + 71*p + 0. Give x(b).
-13
Suppose 0*s = 2*i + s - 19, -3*i - s = -30. Let m(l) = -l + 4. Calculate m(i).
-7
Let p = 10359 + -10362. Suppose -20 = -4*u - 4*j, 0*j = -4*j + 12. Let r(m) = -m**2 + 0*m - 5 - u*m + 2. Determine r(p).
-6
Let t(h) = 6*h**3 - 2*h + 1. Let c = -16 + 66. Let j = c + -50. Suppose j*g + 5*g - 5*u = 5, g = 4*u + 1. Give t(g).
5
Let s(r) = -5*r + 3. Let y(k) = 8*k - 1. Let g(h) = -3*s(h) - 2*y(h). Let f = -5 - -3. Let i be f*3*(-9)/(-6). Give g(i).
2
Let t(o) be the first derivative of -o**3 - 10*o**2 + 10*o - 693. Calculate t(-7).
3
Suppose 4*b + 62 = 3*x, 794*b - 34 = -3*x + 796*b. Let j(h) be the third derivative of -h**6/40 - h**5/20 + h**4/8 - h**3/2 - 2*h**2. Give j(x).
-33
Let a(i) = -7 + 3 + i**2 + 0*i**2. Let z = -13029 - -13032. Determine a(z).
5
Let l(w) = -7*w**2 + 11*w + 18. Suppose -8*u = 6*u - 70. Let b(k) = 10*k**2 - 16*k - 26. Let n(y) = u*b(y) + 7*l(y). Determine n(5).
6
Let x = 3462 - 3476. Let c(t) = t**3 + 15*t**2 + 17*t - 7. What is c(x)?
-49
Let y(i) = i**3 - 4*i**2 + i - 5. Suppose 5*r - 1180 = -26*z + 31*z, -5*z - 1164 = 3*r. Let a = -230 - z. Give y(a).
-1
Let s(b) be the first derivative of 3*b**2 + 37*b + 274. Calculate s(-6).
1
Let z = 2316 + -2316. Let y(q) be the second derivative of -7*q - 5/6*q**3 + z + 5/2*q**2 + 5/12*q**4 - 1/20*q**5. Calculate y(4).
1
Let z(u) = 7744*u - 3875*u + 28 - 3873*u. What is z(9)?
-8
Let m(s) = -s - 6. Let l(k) = -12*k + 14. Let r(z) = -5*z + 7. Let n(j) = 4*l(j) - 9*r(j). Let h(b) = 6*m(b) - 5*n(b). Determine h(1).
8
Let x(m) be the second derivative of -37*m + 1 - 5/6*m**3 + 1/12*m**4 + 3*m**2. Calculate x(5).
6
Suppose -3*k + 15 = -3*l, -8*l = -3*l + k + 19. Let f be l/14 + 0 - 132/(-21). Suppose 4*y - f = 7*y. Let a(x) = x**3 + 5*x**2 + x + 1. Calculate a(y).
11
Let f(n) = 2*n**2 - 6*n - 13. Suppose 1792*s + 2*g = 1790*s + 28, 4*s = -3*g + 47. Give f(s).
7
Let x(n) be the first derivative of n**5/120 + n**4/8 + 16*n**3 - 53. Let f(k) be the third derivative of x(k). What is f(-4)?
-1
Let m(r) = -2*r**3 - 2*r**2 + r + 3. Let a(z) be the second derivative of -z**5/20 - 2*z**4/3 + 5*z**3/2 + 151*z**2/2 + 6*z - 9. Let s be a(-7). What is m(s)?
36
Let h(c) = 21 + 46924*c**2 - 46883*c**2 + 21*c + 2*c**3 + 6. Calculate h(-20).
7
Let i(y) = -55*y + 5273. Let l be i(96). Let u(o) = 4*o - 9. Let p(n) = 5*n - 8. Let f(t) = -5*p(t) + 6*u(t). Calculate f(l).
-7
Suppose -2*g + 8 = 2. Let w(p) be the second derivative of -3*p + 1/12*p**4 + 3 - 1/2*p**2 - 1/2*p**3. What is w(g)?
-1
Suppose -2*b + 8*b - 96 = 0. Suppose -b = -3*w + 8. Let q(a) = -w - 5*a + 7*a + 1. What is q(5)?
3
Let y(l) = -l**3 + 3*l**2 + l + 3. Let t = -1987 - -1991. Suppose 2*w + 0*w - 104 = 0. Let x be (w/(-39))/(t/(-9)). Determine y(x).
6
Let u(a) be the second derivative of -a**3/3 + 19*a**2/2 + 6441*a. Give u(16).
-13
Let d(i) be the first derivative of 13*i**2 + 483*i - 3797